.
2, 43
Let c(n) = 16*n**2 + 28*n + 381. List the prime factors of c(-26).
19, 29
Suppose m + z - 3844 = 0, -5*z - 14 - 6 = 0. Suppose -27*h + m = -5710. What are the prime factors of h?
2, 3, 59
Let t(z) = -19*z + 15. Let q be t(9). Let u = q - -94. Let r = 6 - u. List the prime factors of r.
2, 17
Let t be 24/1*4/(36/(-3)). What are the prime factors of t/40 + (-3002)/(-10)?
2, 3, 5
Let p(a) = 30*a + 1. Suppose 4*d - 16 = -2*c, d = -2*c + 5*d - 8. Let x be p(c). Let s = 125 - x. What are the prime factors of s?
2
Let j be 265 - -6*((-4)/(-3))/(-2). What are the prime factors of -2*((j/(-6))/3 + -1)?
31
Suppose -76*n = -55*n - 10794. Let r = n - -973. What are the prime factors of r?
1487
Let f = 309 - 308. What are the prime factors of 268 - -1 - (-2 + f - -4)?
2, 7, 19
Suppose -9 = -2*f + 3*v, -2*f + 4*v - 16 = -4*f. Suppose -f*p + 1439 = -1447. What are the prime factors of p?
13, 37
Let z(d) = -d + 11. Let i be z(5). Let l(j) = 0*j**2 - i*j + 2*j - 7*j + 6 + j**2. List the prime factors of l(11).
2, 3
Suppose 5662 + 8649 = 11*d. Suppose 0 = 3*f + 2206 + d. What are the prime factors of 5/30*1 + f/(-6)?
3, 5, 13
Let d(k) = 29*k**2 - 26*k**2 - 14*k**3 + 22 - 32 - 7*k. What are the prime factors of d(-3)?
2, 13
Let y = 15803 + -10831. What are the prime factors of y?
2, 11, 113
Suppose -3*l = -3*q - 2664, 3*q - 900 = -l - 12. What are the prime factors of l?
2, 3, 37
Let m = 2814 - 227. Let h = m + -1788. What are the prime factors of h?
17, 47
Suppose -10*w + 2003 + 117 = 0. Suppose 213*n = w*n + 1544. List the prime factors of n.
2, 193
Let u = -949 + 2566. Let j = u - 791. What are the prime factors of j?
2, 7, 59
Let k = 12311 - 2399. Suppose 0 = -11*r + k + 2716. What are the prime factors of r?
2, 7, 41
Suppose -860*s + 749*s + 5828166 = 0. List the prime factors of s.
2, 3, 2917
Suppose -2*f = 4*c - 23756, -2*c + 0*f - 5*f + 11854 = 0. What are the prime factors of c?
2, 2971
Suppose 5*d - 15 - 25 = 0. Let b = d - 7. List the prime factors of (-17)/34*(-83*1 + b).
41
Let y(v) = -2*v + 3. Let o be y(0). Suppose -48*p = -47*p - o. List the prime factors of 197/p + 3/9.
2, 3, 11
Let n(c) be the first derivative of 40 + c**2 + 4*c - 2/3*c**3 + 1/4*c**4. What are the prime factors of n(2)?
2
Let y(a) = 2*a**2 + 35*a + 21. Let z be y(-17). Suppose 24 = -z*u + 8. Let n(c) = -43*c + 8. List the prime factors of n(u).
2, 3, 5
Let s be (-34)/(-119) - (-9238)/7. Suppose -11*v = -0*v - s. What are the prime factors of v?
2, 3, 5
Let p = 475 - 236. Suppose s = -2*h + h + 245, h + p = s. Suppose j - 4*j - 3*b = -258, 3*j - s = 5*b. List the prime factors of j.
2, 3, 7
Suppose -20*g = -15*g - 1245. Let x = g + 51. List the prime factors of x.
2, 3, 5
Suppose 0 = -34*v - 3839 + 111041. List the prime factors of v.
3, 1051
Suppose -3*u - 3*s + 79116 = -7*s, 0 = 8*u - 3*s - 210953. List the prime factors of u.
2, 103
Suppose -4*v + 18385 = -l, -5*l - 34990 + 12005 = -5*v. What are the prime factors of v?
2, 3, 383
Let z be 465 + (-2 - (-1 - 1)). Suppose -2344*r = -2340*r - 44. Suppose -6*v - z = -r*v. What are the prime factors of v?
3, 31
Let s(h) = 90*h - 108. Suppose 7*o + 22 = 99. What are the prime factors of s(o)?
2, 3, 7
What are the prime factors of 31226040/756 - -3*(-8)/84?
2, 3, 1721
Let m = -53828 + 79193. List the prime factors of m.
3, 5, 19, 89
Let l be 28/4 - 22 - 0. Let w = l + 140. List the prime factors of w.
5
Let q = 43 - 48. Let b be -3 - ((-980)/q + (2 - -1)). Let c = -103 - b. List the prime factors of c.
3, 11
Let a = 15 - 12. List the prime factors of (-46)/(-3)*(27/6)/a.
23
Let z(x) = -9*x + 12. Let h be z(-7). Let u be (-4)/10 - (-17)/5. Suppose t + 5*i = h, u*t - i = 17 + 144. List the prime factors of t.
5, 11
Let x(m) = 2*m**2 + 48*m + 42. Let v = -561 - -526. What are the prime factors of x(v)?
2, 7, 29
Suppose -16*x + 2*x + 151902 = -16140. List the prime factors of x.
3, 4001
Suppose 0 = 2*j + 3*b - 4497, 0 = -j + 4*b + 1775 + 479. What are the prime factors of j?
2, 3, 5
Let k = -8229 + 10033. What are the prime factors of k?
2, 11, 41
List the prime factors of (2/6)/((-1)/(-24)) - -2755.
3, 307
List the prime factors of (241 + 1)*(-7 + -284*(-12)/32).
11, 199
Let b = -3773 - -31105. List the prime factors of b.
2, 6833
Let r(h) = -h**2 + h + 17. Let c be r(4). Let b(u) = 76*u - 47. List the prime factors of b(c).
3, 37
Let h(z) = -146*z - 21. Let k be h(-6). Let c = k + -578. What are the prime factors of c?
277
Let g = 156 - 163. Let n(b) = -38*b + 10. List the prime factors of n(g).
2, 3, 23
Suppose -60 = -v - 3*o, 3*o - 35 = -3*v + 187. Let r be ((-2)/4)/((-2)/228). Let t = v - r. What are the prime factors of t?
2, 3
Let c(u) = -u**2 - 19*u + 89. Let k be c(-7). Let q be 7/((-63)/30)*-15. Let a = q + k. What are the prime factors of a?
223
Let p be 17875/26 - (-10)/(-4). List the prime factors of (p - 2) + 1 + -1.
683
Let f(r) = 19*r - 191. Let c be f(13). Suppose -2*i + c = 2*s, 8*s + i = 4*s + 106. What are the prime factors of s?
2, 13
Suppose 0 = -2*g - 3*c + 37029, -30*g + 18514 = -29*g + c. List the prime factors of g.
3, 11, 17
Suppose -3*i - 136 = -2*i. Let s = 6 - i. What are the prime factors of s?
2, 71
Let k = -1200 - -1698. Suppose 0 = o - 4*j - k, -o + 5*j - 141 = -640. What are the prime factors of o?
2, 13, 19
Suppose -27 = 3*c + 2*x, x = 2*c - c + 9. Let m(w) = -21*w - 8*w - 12*w - 37 + 29*w. List the prime factors of m(c).
71
Suppose l - 5*l = 2*r + 172, -5*r = l + 439. Let o = 88 + r. Suppose j - 3*k - 17 = 127, -4*k - 4 = o. What are the prime factors of j?
3, 47
Suppose -4*q + b = -6*q + 3044, -5*q = b - 7604. Suppose q = 4*l - 732. What are the prime factors of l?
563
Let q = 405 - 949. Let i = 1261 + q. What are the prime factors of i?
3, 239
Let s(t) = 2*t + 22. Let p be s(-9). Suppose 0*w = -p*w + 3*n + 91, -5*n - 5 = 0. List the prime factors of (-3)/(-15)*-24*(-605)/w.
2, 3, 11
Let h = 1664 + -1666. Let w(l) = 2*l**3 - 2*l**2 + 15*l + 14. Let t(r) = r**3 - r**2 + 5*r + 5. Let v(s) = -8*t(s) + 3*w(s). List the prime factors of v(h).
2
Suppose 2*p + 4*j - 16 = 0, -p - 4*j + 34 = 4*p. Suppose -5*g + 5095 = -3*h, p*h = -5*g + 10*h + 5095. List the prime factors of g.
1019
Let o(u) = -3*u - 96. Let y be o(-31). List the prime factors of y/((-1290)/214 + 6).
107
Let s be (2407 - 1)*4/6. What are the prime factors of (s/(-16))/((-1)/8)?
2, 401
Let i(c) = 86*c - 82. Let f be i(-7). Let n = 1237 + f. List the prime factors of n.
7, 79
Suppose 3*a + 5*c - 10905 = 2*c, 0 = -2*a - 4*c + 7260. Suppose -18*p = -58*p + a. List the prime factors of p.
7, 13
Suppose 46*y = -18*y + 2094016. List the prime factors of y.
32719
List the prime factors of ((-11304)/(-15))/(500/16250).
2, 3, 13, 157
Suppose -n + 4455 = 4*o - 5247, o + 29067 = 3*n. What are the prime factors of n?
2, 3, 5, 17, 19
Let n be 188/(-3) - (-4)/(-12). Let c be 32*(n/(-10) + (-3)/(-15)). Suppose -3*u - c = -7*u. List the prime factors of u.
2, 13
Let p(z) = z**3 + 5*z**2 - 7*z - 8. Let o be p(-6). List the prime factors of ((-7)/(-42) + (-119)/o)*3.
179
Let j(g) = g**3 + 9*g**2 - 2*g + 71. Let b be j(-12). Let u = b - -471. What are the prime factors of u?
2, 67
Suppose -5*c + 0*c = -5, 2*p - 10001 = -5*c. Let h be p/(-22) - (-36)/198. Let x = 350 + h. What are the prime factors of x?
3, 41
Suppose -27170 + 7228 = -26*d. Let t = 1290 - d. List the prime factors of t.
523
Suppose 0 = -680*c + 682*c + 2*l - 56074, -5*l + 10 = 0. What are the prime factors of c?
3, 5, 7, 89
Let u be 20/50 - ((-19276)/(-5))/(-2). Let z = 692 - u. List the prime factors of (-6)/10 - z/60.
2, 5
Let m = 62 + -58. Suppose m*x - w - 394 = 0, -7*x + 5*x = 4*w - 188. Suppose -b + 7*q - 2*q + x = 0, -q = -5*b + 610. What are the prime factors of b?
3, 41
Let m = 1056 + 1294. What are the prime factors of m?
2, 5, 47
Suppose q = 4*w - 6, 0 = -2*w + q + 2. Suppose -5*d = -w*l - l - 14, -d + 10 = 3*l. List the prime factors of d.
2
Suppose 3*d + d = j + 15, 3*d + 36 = -j. Let g = j - 76. Let p = -60 - g. List the prime factors of p.
43
Let k be 1*-2 + -20 + 24. Suppose 3*g + k*b = 5*b + 321, -2*b - 102 = -g. List the prime factors of g.
2, 7
Let m = 3982 + -1133. Let i = m + -1906. List the prime factors of i.
23, 41
Suppose 294348 = -189*v + 227*v. What are the